ctors of 1501?
19, 79
What are the prime factors of 58919?
7, 19, 443
What are the prime factors of 988?
2, 13, 19
List the prime factors of 25114.
2, 29, 433
List the prime factors of 3669.
3, 1223
What are the prime factors of 112109?
71, 1579
List the prime factors of 9657.
3, 29, 37
List the prime factors of 13314.
2, 3, 7, 317
What are the prime factors of 485?
5, 97
What are the prime factors of 47611?
47, 1013
List the prime factors of 23929.
23929
What are the prime factors of 4792?
2, 599
What are the prime factors of 2099?
2099
List the prime factors of 1333.
31, 43
List the prime factors of 576.
2, 3
What are the prime factors of 665?
5, 7, 19
List the prime factors of 23807.
7, 19, 179
List the prime factors of 17768.
2, 2221
List the prime factors of 851.
23, 37
List the prime factors of 12505.
5, 41, 61
What are the prime factors of 7656?
2, 3, 11, 29
What are the prime factors of 17463?
3, 5821
What are the prime factors of 898?
2, 449
List the prime factors of 36613.
19, 41, 47
What are the prime factors of 14645?
5, 29, 101
What are the prime factors of 2020?
2, 5, 101
List the prime factors of 91833.
3, 7, 4373
List the prime factors of 29605.
5, 31, 191
What are the prime factors of 2351?
2351
What are the prime factors of 15715?
5, 7, 449
List the prime factors of 31253.
31253
What are the prime factors of 2754?
2, 3, 17
What are the prime factors of 360?
2, 3, 5
List the prime factors of 32344.
2, 13, 311
What are the prime factors of 421?
421
What are the prime factors of 17611?
11, 1601
List the prime factors of 3219.
3, 29, 37
What are the prime factors of 1222?
2, 13, 47
What are the prime factors of 744?
2, 3, 31
List the prime factors of 5594.
2, 2797
What are the prime factors of 53938?
2, 149, 181
List the prime factors of 1573.
11, 13
What are the prime factors of 4032?
2, 3, 7
What are the prime factors of 476?
2, 7, 17
List the prime factors of 6865.
5, 1373
What are the prime factors of 66482?
2, 13, 2557
What are the prime factors of 11455?
5, 29, 79
List the prime factors of 9257.
9257
List the prime factors of 17474.
2, 8737
List the prime factors of 165.
3, 5, 11
What are the prime factors of 9215?
5, 19, 97
List the prime factors of 2024.
2, 11, 23
List the prime factors of 41833.
11, 3803
List the prime factors of 43123.
29, 1487
What are the prime factors of 155072?
2, 2423
List the prime factors of 4411.
11, 401
List the prime factors of 14978.
2, 7489
List the prime factors of 16464.
2, 3, 7
What are the prime factors of 4063?
17, 239
What are the prime factors of 4283?
4283
What are the prime factors of 3418?
2, 1709
What are the prime factors of 3479?
7, 71
List the prime factors of 3802.
2, 1901
List the prime factors of 117042.
2, 3, 19507
List the prime factors of 48595.
5, 9719
List the prime factors of 16227.
3, 601
List the prime factors of 85727.
59, 1453
What are the prime factors of 11806?
2, 5903
What are the prime factors of 1481?
1481
List the prime factors of 18236.
2, 47, 97
List the prime factors of 727.
727
What are the prime factors of 53977?
7, 11, 701
What are the prime factors of 352?
2, 11
List the prime factors of 67943.
67943
List the prime factors of 13406.
2, 6703
List the prime factors of 1611.
3, 179
List the prime factors of 7608.
2, 3, 317
What are the prime factors of 9935?
5, 1987
List the prime factors of 53065.
5, 10613
What are the prime factors of 1336?
2, 167
What are the prime factors of 9785?
5, 19, 103
What are the prime factors of 28166?
2, 14083
What are the prime factors of 7494?
2, 3, 1249
List the prime factors of 2567.
17, 151
List the prime factors of 8919.
3, 991
List the prime factors of 11916.
2, 3, 331
What are the prime factors of 3286?
2, 31, 53
List the prime factors of 30137.
30137
List the prime factors of 37094.
2, 17, 1091
List the prime factors of 6659.
6659
List the prime factors of 163501.
13, 12577
List the prime factors of 2246.
2, 1123
List the prime factors of 690.
2, 3, 5, 23
What are the prime factors of 128?
2
List the prime factors of 2647.
2647
What are the prime factors of 10007?
10007
What are the prime factors of 14389?
14389
What are the prime factors of 6256?
2, 17, 23
List the prime factors of 45735.
3, 5, 3049
List the prime factors of 1554.
2, 3, 7, 37
What are the prime factors of 5008?
2, 313
What are the prime factors of 1296?
2, 3
List the prime factors of 31348.
2, 17, 461
List the prime factors of 132044.
2, 11, 3001
What are the prime factors of 3955?
5, 7, 113
What are the prime factors of 31345?
5, 6269
List the prime factors of 4574.
2, 2287
List the prime factors of 545.
5, 109
List the prime factors of 4824.
2, 3, 67
What are the prime factors of 928?
2, 29
What are the prime factors of 8068?
2, 2017
What are the prime factors of 2599?
23, 113
What are the prime factors of 17798?
2, 11, 809
List the prime factors of 22126.
2, 13, 23, 37
What are the prime factors of 33303?
3, 17, 653
List the prime factors of 1116.
2, 3, 31
What are the prime factors of 452?
2, 113
List the prime factors of 14143.
14143
List the prime factors of 1174.
2, 587
List the prime factors of 80655.
3, 5, 19, 283
What are the prime factors of 1409?
1409
List the prime factors of 106620.
2, 3, 5, 1777
List the prime factors of 16420.
2, 5, 821
List the prime factors of 342.
2, 3, 19
List the prime factors of 49086.
2, 3, 101
What are the prime factors of 19677?
3, 7, 937
What are the prime factors of 4526?
2, 31, 73
What are the prime factors of 2936?
2, 367
What are the prime factors of 57708?
2, 3, 7, 229
What are the prime factors of 1055?
5, 211
What are the prime factors of 139292?
2, 97, 359
What are the prime factors of 2274?
2, 3, 379
What are the prime factors of 1785?
3, 5, 7, 17
What are the prime factors of 10575?
3, 5, 47
What are the prime factors of 4615?
5, 13, 71
What are the prime factors of 1542?
2, 3, 257
What are the prime factors of 9188?
2, 2297
List the prime factors of 4150.
2, 5, 83
List the prime factors of 42428.
2, 10607
List the prime factors of 1091.
1091
What are the prime factors of 45156?
2, 3, 53, 71
What are the prime factors of 10?
2, 5
What are the prime factors of 105938?
2, 7, 23, 47
List the prime factors of 2160.
2, 3, 5
What are the prime factors of 254?
2, 127
What are the prime factors of 13674?
2, 3, 43, 53
What are the prime factors of 17444?
2, 7, 89
What are the prime factors of 3658?
2, 31, 59
List the prime factors of 660.
2, 3, 5, 11
What are the prime factors of 14346?
2, 3, 797
What are the prime factors of 6602?
2, 3301
List the prime factors of 63043.
23, 2741
What are the prime factors of 8680?
2, 5, 7, 31
List the prime factors of 17321.
17321
List the prime factors of 10031.
7, 1433
What are the prime factors of 3336?
2, 3, 139
List the prime factors of 36532.
2, 9133
List the prime factors of 3462.
2, 3, 577
List the prime factors of 24721.
59, 419
What are the prime factors of 1479?
3, 17, 29
What are the prime factors of 17634?
2, 3, 2939
What are the prime factors of 4829?
11, 439
List the prime factors of 1071.
3, 7, 17
List the prime factors of 124813.
13, 9601
What are the prime factors of 13410?
2, 3, 5, 149
List the prime factors of 1419.
3, 11, 43
List the prime factors of 698.
2, 349
What are the prime factors of 4957?
4957
List the prime factors of 880.
2, 5, 11
List the prime factors of 7985.
5, 1597
What are the prime factors of 6506?
2, 3253
List the prime factors of 16281.
3, 67
What are the prime factors of 49493?
43, 1151
What are the prime factors of 10019?
43, 233
What are the prime factors of 2783?
11, 23
List the prime factors of 1352.
2, 13
What are the prime factors of 14386?
2, 7193
What are the prime factors of 404?
2, 101
What are the prime factors of 8910?
2, 3, 5, 11
List the prime factors of 531.
3, 59
List the prime factors of 1167.
3, 389
What are the prime factors of 1385?
5, 277
What are the prime factors of 2881?
43, 67
What are the prime factors of 41337?
3, 1531
List the prime factors of 50193.
3, 11, 13
List the prime factors of 5717.
5717
List the prime factors of 12845.
5, 7, 367
List the prime factors of 294.
2, 3, 7
What are the prime factors of 8843?
37, 239
List the prime factors of 4911.
3, 1637
List the prime factors of 37035.
3, 5